-1043
What is 488 (base 9) in base 3?
112222
10455 (base 6) to base 5
21400
-12c97 (base 15) to base 7
-340363
10010101011101 (base 2) to base 14
36b3
-24125 (base 6) to base 4
-312311
What is -14102 (base 5) in base 15?
-51c
Convert -20122 (base 4) to base 7.
-1366
-232 (base 16) to base 5
-4222
5060 (base 8) to base 2
101000110000
Convert 2767 (base 13) to base 16.
161e
What is -10030 (base 5) in base 9?
-781
256153 (base 7) to base 9
72461
10202 (base 3) to base 5
401
What is -18031 (base 10) in base 2?
-100011001101111
Convert -3303323 (base 4) to base 13.
-714b
-976 (base 13) to base 12
-b2a
-10200 (base 5) to base 14
-363
-3a1 (base 15) to base 7
-2260
What is 737 (base 11) in base 2?
1101110111
What is -4502 (base 6) in base 16?
-416
7d07 (base 16) to base 4
13310013
What is 200 (base 9) in base 4?
2202
What is -92 (base 14) in base 9?
-152
What is 1123233 (base 4) in base 3?
22001110
Convert 1c3 (base 14) to base 9.
447
-1812 (base 10) to base 11
-13a8
What is -132100 (base 4) in base 12?
-1154
-1037 (base 10) to base 6
-4445
1317a (base 11) to base 14
6c1c
Convert 33671 (base 8) to base 4.
3132321
-aaa2 (base 14) to base 10
-29542
Convert 32356 (base 8) to base 4.
3103232
Convert -109 (base 11) to base 2.
-10000010
Convert 1320022 (base 4) to base 10.
7690
What is -10331 (base 4) in base 16?
-13d
-101010111111010 (base 2) to base 12
-108a2
Convert 233301 (base 4) to base 7.
11625
7d2a (base 14) to base 11
15413
Convert 1003 (base 8) to base 15.
245
264 (base 13) to base 10
420
What is 3463 (base 7) in base 12?
89a
Convert 1565 (base 15) to base 12.
27ab
What is -160622 (base 8) in base 3?
-2221012202
What is -8855 (base 9) in base 5?
-202110
What is -1a1 (base 15) in base 16?
-178
Convert -9269 (base 15) to base 13.
-110ca
What is -22323 (base 4) in base 16?
-2bb
Convert 66ef (base 16) to base 6.
321555
2420 (base 5) to base 3
111100
Convert 201251 (base 7) to base 16.
852b
What is 1436 (base 8) in base 15?
383
Convert 58687 (base 9) to base 7.
222202
What is 3065 (base 7) in base 6?
4552
Convert -12c3 (base 15) to base 7.
-14454
-6968 (base 15) to base 8
-53545
Convert 3270 (base 11) to base 6.
31544
1546 (base 13) to base 8
6034
What is -344 (base 16) in base 9?
-1128
Convert -212022 (base 3) to base 10.
-629
5017 (base 14) to base 16
35ad
What is -3003 (base 13) in base 2?
-1100111000010
Convert -13545 (base 6) to base 7.
-6164
Convert 5264 (base 8) to base 14.
dda
-4154 (base 6) to base 16
-3a6
What is -1a5 (base 13) in base 11?
-257
What is 1022120 (base 3) in base 14?
4c8
-1a352 (base 12) to base 4
-21121232
What is 12001112 (base 3) in base 5?
104221
Convert -3329 (base 15) to base 14.
-3d43
Convert 164b (base 12) to base 2.
101001011011
What is d (base 16) in base 8?
15
7ac5 (base 13) to base 5
1022410
Convert 242212 (base 6) to base 4.
11030000
Convert -634 (base 10) to base 3.
-212111
-3212 (base 5) to base 12
-300
What is -122111 (base 3) in base 16?
-1d8
-264 (base 10) to base 2
-100001000
What is 4241 (base 5) in base 12?
3b7
What is 3f3 (base 16) in base 12?
703
-b6 (base 12) to base 6
-350
What is 144a (base 12) in base 6?
14534
10310322 (base 4) to base 8
46472
383 (base 12) to base 14
29d
1050 (base 6) to base 5
1441
-6189 (base 11) to base 15
-266e
What is 11605 (base 7) in base 3?
11011201
Convert -91 (base 10) to base 14.
-67
5950 (base 16) to base 10
22864
What is 102102202 (base 3) in base 9?
12382
33552 (base 8) to base 4
3131222
Convert -1837 (base 9) to base 3.
-1221021
16d8 (base 15) to base 16
1340
What is 1a144 (base 12) in base 14?
dcd6
Convert -166305 (base 8) to base 13.
-21787
-15849 (base 14) to base 11
-37441
What is -cc0 (base 14) in base 15?
-b30
What is -14266 (base 7) in base 6?
-30051
280 (base 13) to base 7
1201
Convert 84108 (base 9) to base 10.
55493
What is 11063 (base 12) in base 14?
82dd
What is -2614 (base 13) in base 8?
-12461
Convert 6228 (base 13) to base 14.
4d22
2013 (base 4) to base 14
99
Convert d57 (base 14) to base 11.
1a77
What is -9930 (base 16) in base 14?
-10412
What is 14024 (base 6) in base 2?
100010000000
Convert -21 (base 8) to base 12.
-15
Convert 6062 (base 8) to base 13.
1562
What is 33314 (base 7) in base 5?
232030
-100000001100 (base 2) to base 11
-1603
What is -122 (base 7) in base 8?
-101
What is -2152 (base 10) in base 15?
-987
What is 247 (base 12) in base 6?
1331
224 (base 9) to base 13
112
Convert 34976 (base 10) to base 13.
12bc6
What is 150 (base 6) in base 3?
2110
Convert 34a (base 12) to base 7.
1300
1861a (base 11) to base 4
12112310
Convert 27228 (base 9) to base 14.
69d3
What is 32141 (base 6) in base 8?
10435
Convert 1407 (base 9) to base 5.
13220
What is -111101110 (base 2) in base 11?
-40a
What is -1504 (base 6) in base 14?
-208
What is -1462 (base 8) in base 12?
-582
What is -36b0 (base 15) in base 3?
-120222010
-32172 (base 9) to base 2
-101001100100111
-56 (base 16) to base 15
-5b
Convert 8147 (base 9) to base 13.
2932
11333 (base 6) to base 3
2020210
What is -124123 (base 5) in base 9?
-6658
-707 (base 16) to base 4
-130013
Convert 140450 (base 8) to base 9.
74742
817 (base 11) to base 14
506
302100 (base 5) to base 10
9650
Convert -6614 (base 16) to base 2.
-110011000010100
Convert 21222022 (base 3) to base 7.
22643
What is -1931 (base 12) in base 8?
-5765
Convert 41021 (base 10) to base 13.
15896
What is 291 (base 14) in base 15?
249
What is 441 (base 6) in base 7?
331
What is 161 (base 12) in base 7?
430
-264 (base 16) to base 2
-1001100100
36456 (base 7) to base 9
14023
-150510 (base 6) to base 14
-5398
Convert 1 (base 15) to base 5.
1
What is d5c (base 15) in base 9?
4116
-311423 (base 5) to base 11
-7768
What is 342 (base 11) in base 15?
1c4
2551 (base 13) to base 3
21021111
-f60 (base 16) to base 8
-7540
What is -47b6 (base 14) in base 16?
-30dc
What is 202 (base 7) in base 9?
121
-1444 (base 9) to base 2
-10001000101
Convert 201021 (base 3) to base 13.
310
What is 10300321 (base 4) in base 3?
222202201
13120 (base 4) to base 2
111011000
Convert -11010100000 (base 2) to base 13.
-a06
What is -461 (base 15) in base 2?
-1111011111
Convert -213331 (base 4) to base 2.
-100111111101
What is 146 (base 8) in base 9?
123
What is -6629 (base 11) in base 4?
-2020213
-11001010 (base 3) to base 14
-1106
What is 5244 (base 8) in base 4?
222210
12602 (base 11) to base 16
466f
What is -518 (base 12) in base 7?
-2105
-c5ac (base 15) to base 3
-2010022200
What is -40b (base 12) in base 6?
-2415
Convert -2b25 (base 12) to base 13.
-23cc
What is 2029 (base 10) in base 9?
2704
Convert 222b (base 14) to base 2.
1011100011111
What is 3321 (base 13) in base 8?
15725
-2743 (base 8) to base 4
-113203
What is 2422 (base 5) in base 8?
552
5b45 (base 14) to base 9
23767
What is -1106 (base 10) in base 14?
-590
10d1 (base 15) to base 10
3571
What is 9815 (base 10) in base 2?
10011001010111
Convert 1101011 (base 2) to base 12.
8b
What is -110101011000010 (base 2) in base 14?
-9d62
Convert -2dad (base 16) to base 12.
-6925
112121 (base 3) to base 11
329
2717 (base 9) to base 3
2210121
691 (base 14) to base 2
10100010111
a528 (base 12) to base 14
6800
23b (base 12) to base 15
175
What is 13141 (base 15) in base 12?
2b3a4
-3261 (base 11) to base 14
-17d4
-501 (base 7) to base 3
-100010
Convert 4cf1 (base 16) to base 4.
10303301
What is 241 (base 10) in base 7?
463
Convert 111100010 (base 2) to base 9.
585
Convert -5585 (base 15) to base 5.
-1040000
What is 1365 (base 8) in base 12?
531
4528 (base 9) to base 2
110100010011
What is -124211 (base 5) in base 2?
-1001101000011
8600 (base 14) to base 4
11221120
66547 (base 8) to base 7
144440
277 (base 8) to base 15
cb
-a86 (base 13) to base 11
-1397
-12a2 (base 16) to base 10
-4770
What is 2326 (base 13) in base 6?
34501
-11605 (base 8) to base 6
-35045
Convert 89a (base 15) to base 4.
132121
Convert 3270 (base 8) to base 7.
5005
What is 4662 (base 11) in base 10?
6118
What is 8376 (base 10) in base 8?
20270
Convert -17874 (base 12) to base 14.
-c5ba
-22000 (base 3) to base 16
-d8
-5246 (base 10) to base 12
-3052
631 (base 8) to base 16
199
1111000000 (base 2) to base 7
2541
-894 (base 11) to base 5
-13241
Convert 6586 (base 10) to base 11.
4a48
1163d (base 15) to base 11
386a1
-1000000111 (base 2) to base 13
-30c
Convert -